{"id":133,"date":"2016-06-21T11:59:00","date_gmt":"2016-06-21T09:59:00","guid":{"rendered":"http:\/\/newww.bbesrl.it\/?page_id=133"},"modified":"2016-07-28T10:10:45","modified_gmt":"2016-07-28T08:10:45","slug":"soci","status":"publish","type":"page","link":"http:\/\/www.bbesrl.it\/index.php\/soci\/","title":{"rendered":"Soci"},"content":{"rendered":"<p class=\"navigazione2\">Leggi il curriculum vitae di:<\/p>\n<ul class=\"navigazione2\">\n<li><a title=\"Alberto BETTINI\" href=\" http:\/\/www.bbesrl.it\/index.php\/soci\/#bettini\">Alberto BETTINI<\/a><\/li>\n<li><a title=\"Francesco BELMONDO\" href=\" http:\/\/www.bbesrl.it\/index.php\/soci\/#belmondo\">Francesco BELMONDO<\/a><\/li>\n<\/ul>\n<h3>Alberto BETTINI<\/h3>\n<p><img decoding=\"async\" class=\"floatright\" src=\"http:\/\/www.bbesrl.it\/images\/bettini.jpg\" alt=\"Alberto BETTINI\" \/><\/p>\n<p>nato a: Torino<br \/>\nil: 10 febbraio 1966<br \/>\nnazionalit\u00e0: italiana.<br \/>\nIscritto all&#8217;Ordine degli Ingegneri della Provincia di Torino al N\u00b0 6760 F dal 25\/01\/1995.<\/p>\n<h4>Formazione<\/h4>\n<ul>\n<li>licenza di scuola media inferiore conseguita nell&#8217;anno 1980 presso l&#8217;Istituto Salesiano Don Bosco &#8211; Valdocco &#8211; in TORINO;<\/li>\n<li>diploma di &#8220;Perito industriale elettrotecnico&#8221; conseguito presso l&#8217;ITI Salesiano &#8220;E. Agnelli&#8221; di Torino, nell&#8217;anno 1985 con voti 47\/60;<\/li>\n<li>dal 15 al 18 ottobre 1990 corso di specializzazione su microprocessori DSP presso Texas Instruments di Agrate Brianza &#8211; relatore ing. S. Cherchi;<\/li>\n<li>laurea in INGEGNERIA ELETTROTECNICA conseguita presso il Politecnico di Torino il 22 luglio 1991, con votazione 103\/110;<\/li>\n<li>seminario a Carpeneto (AL), 28 Giugno &#8211; 1 Luglio 1994: &#8220;Electric vehicles design, fleet management and infrastructure&#8221;.<\/li>\n<li>corso di specializzazione in Prevenzione Incendi, stabilito dal Ministero dell&#8217;Interno &#8211; Direzione Generale della Protezione Civile e Servizi Antincendi, durata 100 ore (da gennaio a marzo 1995), secondo i disposti dell&#8217;art. 5, punto 2, DM 25\/03\/85;<\/li>\n<li>Febbraio 1995, convegno sul D.Lgs. 626\/94 organizzato dall&#8217;API;<\/li>\n<li>7 marzo 1995, convegno sulla Direttiva Macchine 89\/392\/CEE organizzato da &#8220;Il Sole 24 ore&#8221;;<\/li>\n<li>11 luglio 1995, convegno sul D.Lgs. 626\/94 &#8220;La responsabilit\u00e0 dell&#8217;imprenditore &#8211; Il problema della delega&#8221;, organizzato dall&#8217;API.;<\/li>\n<li>4 ottobre 1995, convegno sul D.Lgs. 626\/94 organizzato dall&#8217;AEI;<\/li>\n<li>17 ottobre 1995, convegno sul D.Lgs. 626\/94 organizzato dall&#8217;ASSISTAL.<\/li>\n<li>Marzo &#8211; Giugno 1997, partecipazione a corso di formazione da 120 ore, organizzato dall&#8217;Ordine degli Ingegneri della Provincia di Torino, per il conseguimento titolo di coordinatore per la progettazione e per l&#8217;esecuzione dei lavori ai sensi Direttiva Cantieri 92\/57\/CEE recepita con D.Lgs. 494\/96;<\/li>\n<li>dal 07 all&#8217;11 giugno 1999 partecipazione a corso di formazione, organizzato dal Consorzio MODULO UNO &#8211; DNV, per l&#8217;esecuzione delle verifiche sugli impianti ascensore, (Direttiva 95\/16\/CE);<\/li>\n<li>Luglio 2000 partecipazione a corso integrativo di 4 ore sulla sicurezza sul lavoro nei cantieri.<\/li>\n<\/ul>\n<h4>Esperienze di Studio<\/h4>\n<p>Dal 21 Ottobre 1991 al 23 Dicembre 1991 nell&#8217;ambito della tesi di laurea, presso la &#8220;School of Electrical Engineering&#8221; Georgia Institute of Technology, di Atlanta &#8211; Georgia, USA (Tutore Prof. T. G. Habetler).<\/p>\n<h4>Servizio militare<\/h4>\n<ul>\n<li>Dal 8 Gennaio 1992 al 16 Giugno 1992, 146\u00b0 Corso A.U.C. Scuola d&#8217;Artiglieria di Bracciano (Roma) e servizio di prima nomina, dal 27 Giugno 1992, al 7\u00b0 Gruppo d&#8217;Artiglieria da Campagna, a Torino. Trasferimento il 6 Agosto 1992 all&#8217;IGMI (Istituto Geografico Militare Italiano) con sede a Firenze fino al 22 Aprile 1993, con la qualifica di Ufficiale S. Ten. addetto ai servizi di informazione e documentazione delle attivit\u00e0 militari dell&#8217;Esercito Italiano.<\/li>\n<li>Grado di Tenente dal 08 gennaio 1996.<\/li>\n<\/ul>\n<h4>Campi di Interesse Tecnico<\/h4>\n<p>Elettronica di potenza, Azionamenti Elettrici, Macchine Elettriche, Controlli Digitali, Sicurezza elettrica del veicolo elettrico e Norme relative, Sicurezza e Progettazione Impianti Elettrici, Prevenzione Incendi, Sicurezza delle Macchine, Sicurezza sul Lavoro e Sicurezza Cantieri, Collaudi e Verifiche periodiche degli Ascensori.<\/p>\n<h4>Conoscenze informatiche<\/h4>\n<p>Utilizzo di vari pacchetti software in ambiente DOS (Windows, &#8230;), MACINTOSH (Word, Excel, &#8230;) e VAX\/VMS e conoscenza dei linguaggi di programmazione Fortran, ACSL, Matlab (Simulink), Assembler.<\/p>\n<h4>Lingue straniere<\/h4>\n<p>Inglese: ottimo scritto e parlato.<\/p>\n<h4>Professione<\/h4>\n<ul>\n<li>Dal Novembre 1992, frequenza del Dottorato di Ricerca in Ingegneria Elettrotecnica presso il Dipartimento di Ingegneria Elettrica Industriale del Politecnico di Torino;<\/li>\n<li>dall&#8217;ottobre 1994 consulenza e progettazione nel campo della Prevenzione Incendi e degli Impianti Elettrici;<\/li>\n<li>dal 1\u00b0 febbraio 1995 fino al 30 novembre 1995 dipendente presso l&#8217;Azienda ELIND S.p.A. produttrice di forni ad induzione, con le mansioni di Responsabile del Servizio di Prevenzione e Protezione dell&#8217;Azienda, ai sensi del D.Lgs. 626\/94 e Responsabile della certificazione delle macchine ai sensi della Direttiva Macchine 89\/392\/CEE;<\/li>\n<li>dal 1\u00b0 dicembre 1995 libero professionista con incarichi di progettazione nel settore degli impianti elettrici di BT ed MT, Prevenzione Incendi, Direttiva Macchine e Sicurezza sul lavoro (D.Lgs. 626\/94);<\/li>\n<li>dal 1\u00b0 febbraio 1996 Consulente dell&#8217;Azienda ELIND S.P.A. di RIVOLI (TO) e di alcune Aziende dell&#8217;hinterland torinese, in materia di sicurezza e salute sul lavoro, ai sensi del D.Lgs. 626\/94;<\/li>\n<li>supervisore e consulente per la sicurezza di alcune delle Aziende del gruppo METALFAR di Cesana Brianza;<\/li>\n<li>dal 1996 addetto al Servizio di Prevenzione e Protezione delle Societ\u00e0 COLOMION S.p.A. di Bardonecchia, PRAGES S.p.A. di Pragelato e SEGGIOVIE 13 LAGHI S.p.A. di Prali, ai sensi del D.Lgs. 626\/94;<\/li>\n<li>dal 1997 consulente, per conto della Ditta SCOTTA S.n.c. di Piasco (CN), della Societ\u00e0 MICHELIN ITALIANA S.p.A. per la certificazione di impianti vari ai sensi del DPR 459\/96 (Direttiva Macchine 89\/392\/CEE);<\/li>\n<li>dall&#8217;aprile 1998 al giugno 2000 consulente per la sicurezza della Societ\u00e0 NOCON S.A. Norwegian Construction impegnata nella costruzione di gallerie con fresa TBM nell&#8217;ambito della realizzazione dell&#8217;impianto idroelettrico Pont &#8211; Ventoux &#8211; Susa commissionato dall&#8217;A.E.M;<\/li>\n<li>dal marzo 1999 a giugno 2001 consulente per la sicurezza della Societ\u00e0 VIENNE Costruzioni di Colico (LC) impegnata nella costruzione di gallerie con metodo tradizionale nell&#8217;ambito della realizzazione dell&#8217;impianto idroelettrico Pont &#8211; Ventoux &#8211; Susa commissionato dall&#8217;A.E.M;<\/li>\n<li>dal marzo 1999 a luglio 2000 consulente per la sicurezza della Societ\u00e0 PEDERSOLI di Brescia impegnata nella costruzione di opere edili nell&#8217;ambito della realizzazione dell&#8217;impianto idroelettrico Pont &#8211; Ventoux &#8211; Susa commissionato dall&#8217;A.E.M;<\/li>\n<li>dal marzo 1999 al 2001 consulente per la sicurezza della Societ\u00e0 ECO PO QUATTRO S.c.r.l. (A.T.I. tra ASTALDI S.p.A. ed IMPRESA ROSSO S.p.A.) impegnata nelle opere di ampliamento dell&#8217;impianto di depurazione dell&#8217;Azienda PO SANGONE di Castiglione T.se (TO);<\/li>\n<li>dall&#8217;aprile 1999 al settembre 2001, incarico di coordinatore per la sicurezza in fase di progettazione ed esecuzione (D.Lgs. 494\/96) nell&#8217;ambito della realizzazione del parcheggio interrato di C.so Stati Uniti, per il Comune di Torino, Concessionario ASTALDI S.p.A.;<\/li>\n<li>da ottobre 1999 a gennaio 2000 incarico di coordinatore per la sicurezza in fase di progettazione ed esecuzione (D.Lgs. 494\/96) nell&#8217;ambito della realizzazione di n. 2 seggiovie biposto a morsa fissa, nel Comune di Frabosa Soprana (CN) per conto della Societ\u00e0 FRABOSA SKI 2000 S.p.A.;<\/li>\n<li>da marzo 2000 a settembre 2001 incarico di coordinatore per la sicurezza in fase di progettazione ed esecuzione (D.Lgs. 494\/96 e s.m.i.) nell&#8217;ambito della ristrutturazione del forno di CESANA T.SE (TO) Frazione Mollieres per conto del Comune di CESANA T.SE (TO);<\/li>\n<li>da marzo 2000 esecuzione di collaudi di impianti ascensore ai sensi del DPR 162\/99 (a questa data gli impianti collaudati sono oltre 100);<\/li>\n<li>dal marzo 2001 a dicembre 2002 responsabile del servizio di prevenzione e protezione (RSPP) della Societ\u00e0 SUSA DORA 4 S.c.r.l. realizzatrice del II\u00b0 lotto del Passante Ferroviario commissionato dalla Societ\u00e0 ITALFERR S.p.A. Ad oggi la consulenza sulla sicurezza alla Societ\u00e0 in oggetto \u00e8 ancora in essere;<\/li>\n<li>da giugno 2001 incarico di coordinatore per la sicurezza in fase di progettazione ed esecuzione (D.Lgs. 494\/96 e s.m.i.) nell&#8217;ambito della ristrutturazione di un edificio civile, da adibire ad alloggio per anziani e disabili, sito in Via Cotta nel Comune di GRUGLIASCO (TO), per conto del Comune stesso;<\/li>\n<li>da ottobre 2000 incarichi di progettazione, direzione lavori, coordinamento in fase di progettazione e di esecuzione (D.Lgs. 494\/96 e s.m.i.) relativi alla ristrutturazione e successivo ampliamento di una fonderia di pressocolata sita nel Comune di GRUGLIASCO (TO), FONDPRESS S.r.l.<\/li>\n<li>dal 2002 coordinatore per la sicurezza in fase di progettazione e di esecuzione delle opere per la realizzazione dell&#8217;impianto di innevamento programmato nel Comune di Crissolo commissionato dalla Comunit\u00e0 Montana Valli Po, Bronda ed Infernotto;<\/li>\n<li>dal 2002 progettista degli impianti elettrici MT\/BT delle opere olimpiche relative agli impianti di innevamento programmato di Claviere, Cesana, Sagnalonga, Melezet e degli impianti a fune di Melezet: [R07] ed [R16], commissionati dall&#8217;Agenzia Torino 2006;<\/li>\n<li>dal 2003 consulente del P.M. Dott. Raffaele GUARINIELLO della Procura di Torino nell&#8217;ambito delle opere di scavo meccanizzato con TBM della Metropolitana di TORINO;<\/li>\n<li>dal 2003 coordinatore per la sicurezza in fase di progettazione e di esecuzione delle opere per la realizzazione dell&#8217;impianto di innevamento programmato de Melezet [I03] nel Comune di Bardonecchia commissionato dall&#8217;Agenzia Torino 2006;<\/li>\n<li>dal 2003 consulente per la sicurezza della Societ\u00e0 FREJUS S.c.a r.l. nell&#8217;ambito delle opere di abbassamento della galleria ferroviaria del FREJUS nel Comune di Bardonecchia. Le opere si svolgono con binario attiguo in esercizio;<\/li>\n<li>da febbraio ad aprile 2004 relatore al corso per la sicurezza nei cantieri temporanei o mobili ex D.Lgs. 494\/96 e s.m.i. svoltosi a Vigliano Biellese ed organizzato dalla Societ\u00e0 Fare Formazione S.r.l.;<\/li>\n<li>dal 2004 progettista dell&#8217;impianto di innevamento programmato di Alpe di Mera nei Comuni di Scopello e Pila, commissionato dalla Provincia di Vercelli e dal Comune di Scopello;<\/li>\n<li>da febbraio 2004 estensore di uno studio di fattibilit\u00e0 per la realizzazione di un parcheggio interrato nel sedime stradale di P.zza Statuto nell&#8217;ambito delle opere di costruzione del Lotto 2 del Passante Ferroviario di Torino, commissionato dalla Societ\u00e0 Susa Dora Quattro S.c.r.l. per conto dell&#8217;Italferr S.p.A. e del Comune di Torino;<\/li>\n<li>a maggio 2004 relatore al master sulla sicurezza nei cantieri temporanei o mobili organizzato dall&#8217;EDIL SCUOLA S.r.l.;<\/li>\n<li>da giugno 2004 coordinatore per la sicurezza in fase di progettazione e di esecuzione per la costruzione della sciovia Baby Ghigo e della seggiovia Malzat \u2013 Pian dell&#8217;Alpet commissionato dalla Comunit\u00e0 Montana Val Chisone e Germanasca;<\/li>\n<li>nel 2004 consulente del P.M. Dott. Antonio BARTOLOZZI della Procura di Ivrea;<\/li>\n<li>dal 2004 consulente del P.M. Dott. Rossella SOFFIO della Procura di Biella;<\/li>\n<li>nel 2005 coordinatore per la sicurezza in fase di progettazione e di esecuzione per la costruzione dell&#8217;impianto di innevamento programmato e messa in sicurezza delle piste dell&#8217;area sciabile di Prali (TO) commissionato dalla Comunit\u00e0 Montana Val Chisone e Germanasca;<\/li>\n<li>nel 2005 coordinatore per la sicurezza in fase di esecuzione per la costruzione dell&#8217;impianto a fune &#8220;Telecabina Sestriere &#8211; Fraiteve&#8221;, nel Comune di Sestriere (TO) commissionato dall&#8217;Agenzia Torino 2006;<\/li>\n<li>ad aprile 2005 relatore al corso per la sicurezza nei cantieri temporanei o mobili (tema della docenza: rischio negli scavi, nei lavori in galleria ed in sotterraneo) ex D.Lgs. 494\/96 e s.m.i. svoltosi a TORINO ed organizzato dal CIPET.- dal 2005 consulente per la sicurezza, ex D.Lgs. 626\/94 e s.m.i. della struttura mineraria Scopriminiera nel Comune di Prali (TO).<\/li>\n<li>nel 2005 incarico di coordinatore per la sicurezza in fase di progettazione per l&#8217;ampliamento delle opere del passante Ferroviario II lotto tra C.so Vittorio Emanuele e C.so Grossetto, nominato da ITALFERR;<\/li>\n<li>nel 2005 progettista degli impianti elettrici di MT e di BT e degli impianti di distribuzione del gas GPL relativi all&#8217;installazione del cantiere di VENAUS nell&#8217;ambito della realizzazione del cunicolo esplorativo relativo alle opere dell&#8217;Alta Velocit\u00e0, tratta Torino &#8211; Lione;<\/li>\n<li>dal 2005 consulente del P.M. Dott. Laura CRESTA della Procura di Acqui Terme;<\/li>\n<li>nel 2006 coordinatore per la sicurezza in fase di esecuzione per la costruzione dell&#8217;impianto a fune &#8220;Seggiovia Jouvenceaux &#8211; Sportinia&#8221;, nel Comune di Sauze d&#8217;Oulx (TO) commissionato dalla Comunit\u00e0 Montana Alta Valle Susa;<\/li>\n<\/ul>\n<h4>Altre esperienze lavorative<\/h4>\n<p>Nell&#8217;ambito del Dottorato di Ricerca, in collaborazione con il Centro Ricerche Fiat, partecipazione alle riunioni internazionali del comitato CEN TC 301\/WG5, in veste di membro associato, per la proposizione e la stesura di Norme sulla sicurezza elettrica dei veicoli stradali elettrici.<\/p>\n<h4>Partecipazioni a Comitati e Commissioni &#8211; Iscrizioni e abilitazioni<\/h4>\n<ul>\n<li>socio dell&#8217;AEI (Associazione Elettrotecnica Italiana);<\/li>\n<li>membro del CT 27 &#8220;Elettrotermia&#8221; del CEI (Comitato Elettrotecnico Italiano);<\/li>\n<li>membro del Gruppo di Lavoro del CT 27 del CEI nell&#8217;ambito dell&#8217;applicazione della Direttiva EMC 89\/336\/CEE e norme sull&#8217;esposizione umana ai campi elettromagnetici relative agli impianti elettrotermici ad induzione;<\/li>\n<li>membro della Sottocommissione Sicurezza dell&#8217;Ordine degli Ingegneri della Provincia di Torino;<\/li>\n<li>iscrizione negli elenchi del Ministero dell&#8217;Interno di cui alla legge 7 dicembre 1984, n. 818 per il rilascio di certificazioni; i requisiti che hanno determinato l&#8217;iscrizione sono quelli indicati dal DM 25\/3\/85, art. 3, e cio\u00e8: iscrizione all&#8217;Albo professionale da almeno due anni e frequenza, con esito positivo, del corso di specializzazione antincendi stabilito dal M.I. &#8211; Direzione Generale della Protezione Civile e dei Servizi Antincendi;<\/li>\n<li>abilitazione relativa alla Prevenzione Incendi ai sensi del D.M. 25\/3\/85 ed alla Legge 818\/84, ottenuta il 26\/6\/95;<\/li>\n<li>brevetto di III grado FIPSAS per le attivit\u00e0 subacquee.<\/li>\n<\/ul>\n<h4>Pubblicazioni<\/h4>\n<ol>\n<li>&#8220;Stator Resistance Tuning in a Stator Flux Field Oriented Drive Using an Istantaneous Hybrid Flux Estimator&#8221; &#8211; T. G. Habetler, F. Profumo, G. Griva, M. Pastorelli, A. Bettini &#8211; EPE \u201893 Conference, Brighton, UK, 13-16 September 1993.<\/li>\n<li>&#8220;Comparison of Different Schemes without Shaft Sensors for Field Oriented Control Drives&#8221; &#8211; C.Ilas, F. Profumo, G. Griva, L. Ferraris, A. Bettini &#8211; Conf. Rec. IECON&#8217;94, Bologna (Italy), September 1994.<\/li>\n<li>&#8220;Electrical Safety Aspects in the Electrical Road Vehicle: Protection Against Electric Shocks&#8221; &#8211; A. Bettini, V. Carrescia, F. Profumo, R. Tommasini &#8211; Conf. Rec. IECON&#8217;95, Stocholm (Sweden), June 1995.<\/li>\n<\/ol>\n<p class=\"navigazione2\"><a title=\"Torna ad inizio pagina\" href=\"http:\/\/bbesrl.it\/bbe_soci.asp#top\">Torna ad inizio pagina<\/a><\/p>\n<p><a name=\"belmondo\"><\/a><\/p>\n<h3>Francesco BELMONDO<\/h3>\n<p><img decoding=\"async\" class=\"floatright\" src=\"http:\/\/www.bbesrl.it\/wp-content\/uploads\/2016\/06\/belmondo.jpg\" alt=\"Francesco BELMONDO\" \/><\/p>\n<p>nato a: Roma;<br \/>\nil: 28 aprile 1966;<br \/>\nnazionalit\u00e0: italiana.<br \/>\nIscritto all&#8217;Ordine degli Ingegneri della Provincia di Torino al N\u00b0 6357 F dal 11\/11\/92.<\/p>\n<h4>Formazione<\/h4>\n<ul>\n<li>diploma di &#8220;Perito industriale meccanico&#8221; conseguito presso l&#8217;I.T.I.S. &#8220;G.B. Pininfarina&#8221; di Moncalieri (TO), sez. Susa, nell&#8217;anno 1985, con la votazione di 60\/60;<\/li>\n<li>laurea in INGEGNERIA MECCANICA, conseguita il 19 dicembre 1991 presso il Politecnico di Torino, con la votazione di 110\/110;<\/li>\n<li>corso di specializzazione in Prevenzione Incendi, stabilito dal Ministero dell&#8217;Interno &#8211; Direzione Generale della Protezione Civile e Servizi Antincendi, durata 100 ore (da gennaio a marzo 1995), secondo i disposti dell&#8217;art. 5, punto 2, DM 25\/03\/85.<\/li>\n<li>Marzo &#8211; Giugno 1997, partecipazione a corso di formazione da 120 ore, organizzato dall&#8217;Ordine degli Ingegneri della Provincia di Torino, per il conseguimento titolo di coordinatore per la progettazione e per l&#8217;esecuzione dei lavori ai sensi Direttiva Cantieri 92\/57\/CEE recepita con D.Lgs. 494\/96;<\/li>\n<li>dal 07 all&#8217;11 giugno 1999 partecipazione a corso di formazione, organizzato dal Consorzio MODULO UNO &#8211; DNV, per l&#8217;esecuzione delle verifiche sugli impianti ascensore (Direttiva 95\/16\/CE);<\/li>\n<\/ul>\n<h4>Lingue straniere<\/h4>\n<ul>\n<li>inglese: sufficientemente scritto e parlato;<\/li>\n<li>francese: buona dimestichezza generale.<\/li>\n<\/ul>\n<h4>Abilitazioni e brevetti<\/h4>\n<ul>\n<li>abilitazione del Ministero dei Trasporti D.G. M.C.T.C. ai sensi del D.P.R. 753\/80 e del D.M. 5\/6\/85 (ottenuta il 26\/2\/94) all&#8217;espletamento delle funzioni di Direttore dell&#8217;Esercizio per Impianti Funicolari aerei e terrestri per il trasporto pubblico di cat.A;<\/li>\n<li>abilitazione relativa alla Prevenzione Incendi ai sensi del D.M. 25\/3\/85 ed alla Legge 818\/84, ottenuta il 26\/6\/95;<\/li>\n<li>abilitazione all&#8217;insegnamento dello Sci Alpino ottenuta nel 1986 (iscritto all&#8217;Albo Professionale del Collegio Maestri di Sci);<\/li>\n<li>brevetti &#8220;Open Water Diver&#8221; e &#8220;Deep Diving&#8221; della Scuba Schools International.<\/li>\n<\/ul>\n<h4>Professione<\/h4>\n<ul>\n<li>periodo trimestrale (gennaio &#8211; marzo 1992) come consulente presso il Dipartimento di Meccanica del Politecnico di Torino, nell&#8217;ambito delle slitte a sostentamento pneumostatico;<\/li>\n<li>periodo dal luglio 1992 al luglio 1993: in servizio come Ufficiale (grado di Sottotenente) del Corpo Tecnico dell&#8217;Esercito presso il C.A.A.R. (Centro Approvvigionamento Autoveicoli e Ricambi) di Torino &#8211; Ente facente parte della Motorizzazione Militare. Attivit\u00e0 svolte: compilazione di specifiche tecniche per gare di appalto, licitazioni private e trattative private di mezzi ruotati, collaudi di mezzi e accessori di mezzi corazzati e non, sopralluoghi tecnici a Ditte fornitrici della Amministrazione della Difesa per Controllo Qualit\u00e0;<\/li>\n<li>periodo dal luglio 1993 al marzo 1994: apprendistato e collaborazione presso lo Studio di Ingegneria Industriale Zocchi ing.Pietro, Via della Rocca, 2 \u2013 Torino (specializzato in impianti a fune)<\/li>\n<li>Periodo dal marzo 1994 ad oggi:\n<ul>\n<li>libero professionista operante prevalentemente nei trasporti pubblici (e privati) a fune in qualit\u00e0 di Direttore di Esercizio e Assistente Tecnico delle seguenti Societ\u00e0 esercenti impianti a fune:<\/li>\n<li>Soc. COLOMION S.p.A. di Bardonecchia (TO)<\/li>\n<li>Comune di Pragelato a mezzo della PRAGELATO IMPIANTI di Pragelato (TO)<\/li>\n<li>Soc. SEGGIOVIE 13 LAGHI S.p.A. di Prali (TO)<\/li>\n<li>Soc. SEGGIOVIE DI CHIOMONTE S.p.A. di Chiomonte (TO)<\/li>\n<li>Soc. SCIOVIE DI USSEGLIO S.n.c. di Usseglio (TO)<\/li>\n<li>Soc. COOPERATIVA SVILUPPO CHIALAMBERTESE di Chialamberto (TO)<\/li>\n<li>Soc. POGGIO LA COLMA S.r.l. di Ormea (CN)<\/li>\n<li>Soc. NUOVA MONESI S.r.l. di Briga Alta (CN)<\/li>\n<li>Soc. AEM Azienda Energetica Municipale di Locana (TO)<\/li>\n<li>Progettista e Direttore dei Lavori di numerose Revisioni Generali con e senza varianti costruttive di impianti a fune;<\/li>\n<li>Direttore dei Lavori di numerosi nuovi impianti a fune aerei e terrestri, quali seggiovie monofune a morsa fissa e ad ammorsamento temporaneo, sciovie, per clienti pubblici e privati.<\/li>\n<li>Progettazione e studi di fattibilit\u00e0 di impianti funiviari nuovi o in variante costruttiva per clienti pubblici e privati;<\/li>\n<li>Coordinatore per la sicurezza in fase di progettazione ed esecuzione (D.Lgs. 494\/96 e s.m.i.) di numerosi impianti funiviari;<\/li>\n<li>Redazione del dossier di candidatura di Bardonecchia alle &#8220;Olimpiadi Torino 2006&#8221;;<\/li>\n<li>Progettazione, Direzione Lavori e Coordinatore per la Sicurezza di impianti a fune e impianti di innevamento per l&#8217;Agenzia Torino 2006;<\/li>\n<li>Progettazione per conto della Soc. EMMEGI di Alpignano nel campo dei tappeti di imbarco, sbarco e allineamento per impianti a fune;<\/li>\n<li>Progettazione e direzione lavori di svariati impianti di innevamento artificiale e bacini artificiali di accumulo per clienti pubblici e privati;<\/li>\n<li>Progettazione e disegno di costruttivi di macchinari industriali, attrezzature e carpenterie (nel campo alimentare, tubifici, zuccherifici, strutture fisse e mobili per cose e persone) prevalentemente per la Soc. MARTINA Officine Metalmeccaniche;<\/li>\n<li>Responsabile del Servizio di Prevenzione e Protezione delle Societ\u00e0 COLOMION S.p.A. di Bardonecchia, PRAGELATO IMPIANTI di Pragelato e SEGGIOVIE 13 LAGHI S.p.A. di Prali ai sensi del D.Lgs.626\/94.<\/li>\n<\/ul>\n<\/li>\n<\/ul>\n<h4>Responsabile di Progetto delle seguenti gare internazionali di sci:<\/h4>\n<ul>\n<li>19 -20 gennaio 2002 Coppa del mondo snowboard<\/li>\n<li>11 &#8211; 12 &#8211; 13 &#8211; 14 marzo 2004 Finali Coppa del Mondo di snowboard SBX &#8211; HP &#8211; PGS<\/li>\n<li>21-27 febbraio 2005 Campionati Mondiali Juniores<\/li>\n<\/ul>\n<h4>Sport Manager per il TOROC in occasione delle:<\/h4>\n<p>10-23 febbraio 2006 XX Olimpiadi Invernali a Bardonecchia per le gare di snowboard<\/p>\n<h4>Competition Manager delle:<\/h4>\n<ul>\n<li>10-23 febbraio 2006 XX Olimpiadi Invernali a Bardonecchia per le gare di snowboard<\/li>\n<li>17\u201327 gennaio 2007 Universiadi Invernali Torino 2007<\/li>\n<\/ul>\n<h4>Partecipazioni a Associazioni e Commissioni<\/h4>\n<p>Dal 1996 consigliere nazionale per il Piemonte dell&#8217;A.N.I.T.I.F. (Associazione nazionale italiana tecnici impianti a fune).<\/p>\n","protected":false},"excerpt":{"rendered":"<p>Leggi il curriculum vitae di: Alberto BETTINI Francesco BELMONDO Alberto BETTINI nato a: Torino il: 10 febbraio 1966 nazionalit\u00e0: italiana. Iscritto all&#8217;Ordine degli Ingegneri della Provincia di Torino al N\u00b0 6760 F dal 25\/01\/1995. Formazione licenza di scuola media inferiore conseguita nell&#8217;anno 1980 presso l&#8217;Istituto Salesiano Don Bosco &#8211; Valdocco &#8211; in TORINO; diploma di [&hellip;]<\/p>\n","protected":false},"author":1,"featured_media":0,"parent":0,"menu_order":0,"comment_status":"closed","ping_status":"closed","template":"","meta":{"footnotes":""},"class_list":["post-133","page","type-page","status-publish","hentry"],"wppr_data":{"cwp_meta_box_check":"No"},"_links":{"self":[{"href":"http:\/\/www.bbesrl.it\/index.php\/wp-json\/wp\/v2\/pages\/133","targetHints":{"allow":["GET"]}}],"collection":[{"href":"http:\/\/www.bbesrl.it\/index.php\/wp-json\/wp\/v2\/pages"}],"about":[{"href":"http:\/\/www.bbesrl.it\/index.php\/wp-json\/wp\/v2\/types\/page"}],"author":[{"embeddable":true,"href":"http:\/\/www.bbesrl.it\/index.php\/wp-json\/wp\/v2\/users\/1"}],"replies":[{"embeddable":true,"href":"http:\/\/www.bbesrl.it\/index.php\/wp-json\/wp\/v2\/comments?post=133"}],"version-history":[{"count":5,"href":"http:\/\/www.bbesrl.it\/index.php\/wp-json\/wp\/v2\/pages\/133\/revisions"}],"predecessor-version":[{"id":219,"href":"http:\/\/www.bbesrl.it\/index.php\/wp-json\/wp\/v2\/pages\/133\/revisions\/219"}],"wp:attachment":[{"href":"http:\/\/www.bbesrl.it\/index.php\/wp-json\/wp\/v2\/media?parent=133"}],"curies":[{"name":"wp","href":"https:\/\/api.w.org\/{rel}","templated":true}]}}